db8 (base 14) to base 13.
-3968
a79 (base 11) to base 2
10100010000
What is 6426 (base 7) in base 8?
4342
What is -24a (base 12) in base 7?
-1003
What is 142040 (base 5) in base 6?
43143
What is 183c (base 15) in base 6?
40120
What is -5420 (base 11) in base 5?
-212121
What is 7510 (base 11) in base 15?
2e23
What is 313 (base 16) in base 2?
1100010011
Convert -62 (base 13) to base 3.
-2222
What is 114222 (base 5) in base 13?
1c69
Convert -5207 (base 10) to base 16.
-1457
-23a (base 11) to base 15
-140
Convert 12536 (base 10) to base 4.
3003320
Convert 4520 (base 10) to base 8.
10650
What is -160 (base 15) in base 10?
-315
What is 140 (base 16) in base 13?
1b8
2112220 (base 3) to base 14
96c
What is 11015 (base 6) in base 12?
a6b
-22102120 (base 3) to base 16
-1800
-10100100 (base 2) to base 11
-13a
Convert 1012210 (base 3) to base 11.
735
-214 (base 10) to base 5
-1324
Convert 88 (base 10) to base 11.
80
-100134 (base 6) to base 5
-222314
Convert 1231 (base 10) to base 14.
63d
Convert 9787 (base 11) to base 16.
3279
Convert 6cc (base 13) to base 10.
1182
-4103 (base 10) to base 13
-1b38
What is -872 (base 9) in base 4?
-23021
-69a7 (base 11) to base 4
-2033220
Convert -5254 (base 6) to base 15.
-541
What is 5204 (base 6) in base 12?
804
10114 (base 5) to base 13
3b9
What is 7108 (base 13) in base 2?
11110011000100
Convert 917 (base 13) to base 8.
3005
What is 212322 (base 4) in base 12?
1536
What is 913 (base 10) in base 3?
1020211
What is 776 (base 8) in base 4?
13332
What is -31201 (base 5) in base 16?
-803
647 (base 9) to base 5
4104
Convert 104342 (base 6) to base 7.
34403
Convert -744e (base 15) to base 14.
-8d71
-100010000010 (base 2) to base 7
-6231
Convert -10210233 (base 4) to base 12.
-aa13
What is -13b6 (base 14) in base 16?
-da4
What is 11011111100 (base 2) in base 7?
5133
Convert 767c (base 15) to base 14.
9204
-11092 (base 13) to base 16
-789d
What is -212220001 (base 3) in base 6?
-212344
What is -7541 (base 11) in base 4?
-2123233
20210 (base 3) to base 14
d1
-252214 (base 6) to base 7
-122506
Convert 11e6 (base 16) to base 5.
121312
Convert -402 (base 9) to base 16.
-146
-297 (base 10) to base 16
-129
What is 13301021 (base 4) in base 8?
76111
Convert -4015 (base 13) to base 12.
-511a
What is 20210 (base 6) in base 2?
101001101110
Convert -521141 (base 6) to base 3.
-2010021021
10001100011100 (base 2) to base 7
35130
-9783 (base 12) to base 13
-7776
What is -7964 (base 10) in base 2?
-1111100011100
Convert 42646 (base 10) to base 6.
525234
What is a9a3 (base 14) in base 7?
151363
-236452 (base 7) to base 6
-531324
Convert 1589 (base 12) to base 6.
15453
Convert -3cb (base 13) to base 7.
-1652
What is 28a1 (base 14) in base 12?
41b9
-503 (base 8) to base 12
-22b
-212120 (base 3) to base 5
-10021
Convert 4b81 (base 14) to base 2.
11001110111101
Convert 1423 (base 16) to base 15.
17da
Convert 4a5 (base 12) to base 13.
41c
What is 1110200 (base 3) in base 14?
567
-6a8 (base 14) to base 12
-924
What is 1968 (base 13) in base 9?
5186
What is -a53 (base 14) in base 6?
-13225
Convert -1235112 (base 6) to base 7.
-366656
110011010011100 (base 2) to base 13
bc58
24366 (base 7) to base 6
45253
What is 15446 (base 7) in base 4?
1003322
23a (base 12) to base 15
174
What is 3331 (base 4) in base 8?
375
-22556 (base 10) to base 7
-122522
Convert -26d5 (base 16) to base 6.
-114005
What is 2203 (base 4) in base 8?
243
What is -1243 (base 5) in base 10?
-198
Convert 11111000011010 (base 2) to base 14.
5b18
Convert -18221 (base 11) to base 4.
-12033102
What is 436 (base 7) in base 9?
267
-5035 (base 8) to base 12
-15b9
-21122 (base 5) to base 16
-584
What is 871 (base 16) in base 2?
100001110001
What is 1010010110 (base 2) in base 16?
296
Convert -2531 (base 8) to base 4.
-111121
What is -a096 (base 12) in base 7?
-101466
What is 13b3 (base 16) in base 5?
130133
What is 2328 (base 10) in base 12?
1420
-19099 (base 10) to base 15
-59d4
11030 (base 4) to base 13
1c7
What is -579 (base 16) in base 4?
-111321
What is b28 (base 16) in base 4?
230220
1d (base 15) to base 14
20
Convert 10011 (base 3) to base 15.
5a
-2100120012 (base 3) to base 9
-70505
-2020 (base 3) to base 11
-55
5030 (base 8) to base 6
15544
What is 11011011010 (base 2) in base 6?
12042
Convert -1123 (base 7) to base 6.
-1521
Convert -332 (base 10) to base 16.
-14c
1942 (base 11) to base 5
34331
Convert -1220 (base 6) to base 16.
-12c
What is -8767 (base 14) in base 13?
-a872
2422 (base 8) to base 5
20143
3144 (base 5) to base 16
1a8
102 (base 6) to base 5
123
Convert 20222 (base 4) to base 2.
1000101010
Convert 7255 (base 8) to base 10.
3757
What is 241 (base 15) in base 4?
13333
-73204 (base 8) to base 2
-111011010000100
What is 791 (base 11) in base 13?
57b
Convert -a9 (base 14) to base 7.
-302
Convert -384 (base 10) to base 16.
-180
What is -13301 (base 10) in base 8?
-31765
What is 130 (base 7) in base 13?
55
-a98 (base 11) to base 7
-3561
-11000100001 (base 2) to base 4
-120201
Convert 2362 (base 11) to base 6.
22153
1151 (base 15) to base 10
3676
What is -14641 (base 11) in base 2?
-101000100000000
Convert -724 (base 12) to base 5.
-13121
-1201 (base 3) to base 7
-64
-2c0 (base 13) to base 3
-200022
27223 (base 8) to base 12
6a97
-1535 (base 11) to base 6
-13050
Convert -216 (base 8) to base 4.
-2032
Convert -6d04 (base 14) to base 12.
-b008
What is 2222 (base 7) in base 11?
668
-110010110000 (base 2) to base 16
-cb0
423 (base 5) to base 15
78
Convert 1c447 (base 14) to base 15.
165cb
Convert -11131 (base 5) to base 12.
-55b
What is -124ab (base 12) in base 7?
-132410
-28b8 (base 13) to base 9
-8072
What is -6145 (base 9) in base 7?
-16052
54311 (base 7) to base 8
32334
Convert -85 (base 15) to base 9.
-148
Convert -100 (base 16) to base 10.
-256
Convert a6d6 (base 14) to base 16.
7084
What is -dd (base 15) in base 7?
-415
20110 (base 4) to base 2
1000010100
What is -2011 (base 12) in base 8?
-6615
What is 345 (base 9) in base 8?
434
What is 447 (base 11) in base 13?
322
1203 (base 7) to base 16
1bc
What is -500 (base 9) in base 16?
-195
4267 (base 14) to base 12
676b
-3446 (base 9) to base 8
-4771
-1061 (base 8) to base 4
-20301
What is -5350 (base 9) in base 2?
-111101011101
What is 443105 (base 6) in base 4?
21001301
Convert 190 (base 12) to base 6.
1100
What is -252a0 (base 13) in base 16?
-10bdf
3189 (base 10) to base 14
123b
What is -3312 (base 5) in base 13?
-292
What is 187f (base 16) in base 12?
3767
Convert -5480 (base 9) to base 6.
-30413
Convert 100 (base 6) to base 9.
40
What is 101001000110010 (base 2) in base 12?
10216
Convert -380 (base 15) to base 13.
-492
Convert 12221331 (base 4) to base 13.
c540
Convert -4487 (base 10) to base 9.
-6135
What is 2202012 (base 3) in base 5?
31003
-114242 (base 5) to base 3
-12221002
Convert -1111010011010 (base 2) to base 5.
-222314
-1444 (base 15) to base 5
-114324
-c9d (base 15) to base 2
-101100100000
Convert -10033001 (base 4) to base 15.
-5215
Convert 100220 (base 3) to base 12.
1a3
What is 20323332 (base 4) in base 12?
19226
Convert -1212121 (base 3) to base 9.
-1777
11122011 (base 3) to base 10
3379
What is -607 (base 14) in base 7?
-3310
What is -111211 (base 3) in base 12?
-271
Convert -9428 (base 10) to base 3.
-110221012
-1020310 (base 4) to base 5
-122120
804 (base 10) to base 5
11204
What is 24104 (base 7) in base 12?
372b
Convert -26361 (base 7) to base 2.
-1101110001010
1aa (base 14) to base 4
11122
Convert 19584 (base 11) to base 13.
c584
Convert -528 (base 15) to base 14.
-5d1
Convert b650 (base 15) to base 16.
9696
What is -420 (base 6) in base 15?
-a6
-5140 (base 13) to base 16
-2bc6
-261 (base 10) to base 9
-320
What is -47 (base 12) in base 9?
-61
-181c (base 14) to base 10
-4338
Convert 7aa (base 11) to base 15.
447
1830 (base 9) to base 11
1067
42 (base 15) to base 9
68
What is 48a84 (base 11) in base 6?
1302242
Convert 2a8 (base 16) to base 3.
221012
Convert 201 (base 7) to base 12.
83
-7867 (base 10) to base 8
-17273
463 (base 16) to base 6
5111
Convert 464 (base 15) to base 5.
12434
What is 4528 (base 9) in base 15?
ed2
What is 323b (base 12) in base 15?
197e
23047 (base 8) to base 3
111101202
Convert -1b167 (base 14) to base 2.
-10000110100010111
What is -423 (base 8) in base 13?
-182
-16b2a (b